s**2 + 8*s + 39. Calculate i(0).
39
Let i(w) = -w**2 + w + 21. Give i(5).
1
Let s(d) = d**2 - 33. Give s(6).
3
Let c(b) = -b**2 + 7*b + 66. Give c(13).
-12
Let b(w) = -w + 1. Give b(9).
-8
Let b(p) = -p**2 + 13*p - 40. Determine b(3).
-10
Let h(b) = -b**2 - 18*b + 11. Give h(-14).
67
Let n(y) = y**2 - 5*y - 6. What is n(-3)?
18
Let v(q) = -q**3 - 2*q**2 + 10*q - 13. Give v(2).
-9
Let t(q) = 3*q**2 + 4*q + 3. Give t(-2).
7
Let q(f) = -4*f**2 - 3*f + 1. What is q(-2)?
-9
Let n(z) = 2*z**2 + 8*z - 5. Give n(-7).
37
Let v(n) = -n**3 - 4*n**2 - 11*n - 52. What is v(-4)?
-8
Let g(i) = i**2 - 17*i + 57. What is g(13)?
5
Let q(z) = z**2 - 3*z - 53. Calculate q(9).
1
Let c(k) = 6*k + 6. What is c(4)?
30
Let i(r) = 16*r + 5. What is i(-4)?
-59
Let y(t) = -20*t - 621. Determine y(-31).
-1
Let q(d) = -d**2 + 11*d - 16. Calculate q(7).
12
Let p(h) = h**3 - 4*h**2 - 4*h - 3. Calculate p(5).
2
Let t(o) = -o**3 - 12*o**2 - 9*o + 105. Determine t(-10).
-5
Let k(z) = -z**2 - 9*z + 7. Calculate k(-10).
-3
Let p(f) = f**2 - 5*f - 4. Calculate p(4).
-8
Let j(o) = o**2 + o - 23. Calculate j(0).
-23
Let q(l) = -39*l - 1. Determine q(1).
-40
Let o(h) = -h**3 - 14*h**2 - 4. Determine o(-14).
-4
Let g(r) = r**3 - 9*r**2 + 6*r - 2. Determine g(8).
-18
Let b(g) = 6*g**2 - 2*g - 2. Determine b(-1).
6
Let n(a) = -2*a**2 - 5*a - 16. Determine n(-6).
-58
Let g(z) = 11*z + 95. What is g(-5)?
40
Let f(a) = a**2 + 54*a + 296. Calculate f(-48).
8
Let n(d) = d**3 + 15*d**2 - 27*d - 181. Give n(-16).
-5
Let a(d) = 13*d + 267. Calculate a(-20).
7
Let y(n) = -2*n - 6. Determine y(5).
-16
Let o(r) = 29*r + 5. Calculate o(2).
63
Let d(o) = o**3 - 16*o**2 - 6*o + 38. Determine d(16).
-58
Let d(m) = -14*m - 10. Give d(-5).
60
Let v(y) = -y - 64. Determine v(-8).
-56
Let j(u) = 7*u + 2. Give j(-7).
-47
Let l(n) = 4*n + 1. Determine l(3).
13
Let t(r) = 27*r + 314. Give t(-11).
17
Let v(f) = -f**2 - 33*f - 177. Calculate v(-26).
5
Let s(a) = a + 5. Determine s(-7).
-2
Let g(m) = 2*m**2 + 46*m + 201. Determine g(-17).
-3
Let i(n) = n**2 + 16*n + 18. Give i(-17).
35
Let k(m) = -m**2 + 2*m + 1. Determine k(4).
-7
Let v(g) = g**3 - 19*g**2 + 22*g + 12. What is v(18)?
84
Let r(x) = -x**3 - 24*x**2 + x - 28. What is r(-24)?
-52
Let b(d) = -3*d**2 - 3*d - 1. Give b(-2).
-7
Let u(p) = -p**2 - 21*p + 234. Calculate u(-28).
38
Let u(z) = -13*z - 74. What is u(-6)?
4
Let u(p) = 20*p - 44. Calculate u(10).
156
Let j(s) = s**3 + 2*s - 2. Give j(-3).
-35
Let h(r) = -r**2 + 13*r + 5. Give h(13).
5
Let k(z) = -z**3 + 8*z**2 - 5*z - 27. Give k(7).
-13
Let x(t) = -16*t + 37. Give x(3).
-11
Let b(u) = -u**2 - 40*u - 1. Calculate b(-40).
-1
Let z(c) = c - 11. Calculate z(-24).
-35
Let s(j) = -j**3 - 9*j**2 - 20*j - 2. Calculate s(-6).
10
Let a(x) = 20*x - 3. Give a(-1).
-23
Let f(s) = -s + 1. What is f(-4)?
5
Let x(j) = -2*j**2 - 17*j - 25. What is x(-6)?
5
Let b(c) = -2*c**2 + 14*c + 11. What is b(8)?
-5
Let r(y) = -y**3 - 15*y**2 + 17*y + 19. What is r(-16)?
3
Let b(x) = x**3 - 5*x**2 - 11*x + 13. Determine b(6).
-17
Let z(f) = f**2 - 29*f - 127. Calculate z(34).
43
Let d(s) = -4*s + 7. What is d(1)?
3
Let u(n) = -n**2 + 11*n + 281. What is u(-12)?
5
Let o(g) = g**3 - 2*g**2 + 4*g. Give o(3).
21
Let w(d) = d**3 + 6*d**2 - 9*d + 8. Calculate w(-7).
22
Let z(g) = g**2 + 11*g + 36. Give z(-6).
6
Let g(m) = -18*m. Give g(5).
-90
Let a(m) = m**3 + 7*m**2 + 3*m - 3. Determine a(-5).
32
Let j(r) = r**2 - 10*r - 206. Calculate j(-10).
-6
Let n(b) = b**2 - 29*b + 117. What is n(5)?
-3
Let f(d) = d**2 + 28*d - 101. Give f(-31).
-8
Let i(k) = 37*k + 6. What is i(0)?
6
Let q(c) = c - 3. Determine q(9).
6
Let s(g) = 150*g - 3. What is s(-1)?
-153
Let u(l) = 5*l**2 + 65*l + 7. Give u(-13).
7
Let l(t) = -70*t. What is l(-1)?
70
Let y(c) = -15*c**3. What is y(-1)?
15
Let b(u) = -u + 2. Determine b(-6).
8
Let s(w) = w**3 + 9*w**2 + 3*w + 21. Give s(-9).
-6
Let b(m) = -m**3 - 10*m**2 + 34*m + 142. Give b(-12).
22
Let f(j) = -2*j - 8. Calculate f(-9).
10
Let s(t) = 3*t + 8. Calculate s(7).
29
Let a(u) = u**3 + 14*u**2 - 21*u + 2. Calculate a(-16).
-174
Let p(x) = 25*x - 79. Calculate p(3).
-4
Let z(o) = -6*o - 3. What is z(2)?
-15
Let d(k) = -k**3 + 4*k - 8. What is d(0)?
-8
Let s(u) = -u**2 + 9*u + 24. What is s(9)?
24
Let t(b) = 15*b + 242. Determine t(-15).
17
Let b(m) = -m + 33. What is b(19)?
14
Let m(v) = -v**2 + 3*v + 3. What is m(3)?
3
Let s(m) = -m**2 + 17*m - 7. Give s(11).
59
Let l(y) = -y - 10. What is l(-9)?
-1
Let m(k) = 31*k + 663. Determine m(-21).
12
Let y(o) = -o**3 + 10*o**2 + 4*o + 2. Determine y(10).
42
Let c(z) = -z**3 + z**2 - z - 64. Give c(0).
-64
Let k(f) = 2*f + 5. Determine k(-15).
-25
Let p(w) = 3*w**3 - 71*w**2 - 26*w + 35. Give p(24).
-13
Let c(m) = -m + 19. Give c(15).
4
Let a(v) = -111*v + 7. Give a(0).
7
Let c(l) = -4*l + 5. Determine c(4).
-11
Let t(n) = n**2 + 8*n + 5. Give t(-7).
-2
Let x(i) = -i**3 + 11*i**2 + 30*i - 21. Calculate x(13).
31
Let i(d) = d**3 + d**2 - 3*d - 2. Calculate i(-1).
1
Let y(r) = -r**2 + 47. Determine y(7).
-2
Let q(s) = s - 1. Give q(-8).
-9
Let p(b) = 7*b**2 - b + 1. Calculate p(3).
61
Let n(c) = -c**2 + 10*c + 17. Determine n(12).
-7
Let m(p) = -5*p + 19. Determine m(3).
4
Let z(x) = x - 16. What is z(11)?
-5
Let u(b) = b**2 - 16*b + 45. Give u(9).
-18
Let j(t) = -5*t + 5. Determine j(2).
-5
Let j(l) = -4*l**2 - l + 3. What is j(2)?
-15
Let b(u) = 3*u**2 - 42*u + 11. Determine b(14).
11
Let m(s) = -s**2 + 3*s - 5. Calculate m(2).
-3
Let p(n) = n**2 - 10*n + 11. Calculate p(8).
-5
Let p(n) = n**2 - 12*n + 9. Calculate p(12).
9
Let p(l) = -37*l + 144. Give p(4).
-4
Let b(l) = 4*l - 14. Give b(11).
30
Let y(h) = 2*h**3 + 61*h**2 + 28*h - 62. Determine y(-30).
-2
Let v(c) = -12*c - 10. Calculate v(-6).
62
Let d(i) = 4*i**3 + i**2 + 3*i - 2. Determine d(2).
40
Let h(q) = 4*q - 15. What is h(6)?
9
Let w(c) = 9*c + 61. Determine w(-4).
25
Let q(j) = 24*j - 205. What is q(9)?
11
Let i(m) = 23*m**3 + m**2 + 2*m + 1. What is i(-1)?
-23
Let n(b) = b**3 + 36*b**2 + 69*b + 16. Give n(-34).
-18
Let j(d) = d - 15. Calculate j(22).
7
Let t(o) = 8*o + 237. Give t(-28).
13
Let u(s) = s + 13. Calculate u(-14).
-1
Let a(b) = -b**3 - 18*b**2 - 16*b + 18. Determine a(-17).
1
Let m(s) = -s**2 - 4*s - 2. What is m(-3)?
1
Let p(m) = -m**2 - 10*m - 19. Give p(-14).
-75
Let t(n) = 2*n**2 + 3*n - 1. Give t(-3).
8
Let x(c) = -c**3 - 7*c**2 - 3*c - 3. Give x(-4).
-39
Let a(h) = -h**2 - 5*h - 10. Give a(-6).
-16
Let i(m) = m**2 - 4*m - 18. What is i(8)?
14
Let l(s) = -6*s**2 + 3*s - 1. Calculate l(-3).
-64
Let p(i) = -3*i + 2. Determine p(3).
-7
Let w(x) = x - 7. Calculate w(3).
-4
Let b(i) = -3*i - 10. What is b(12)?
-46
Let h(g) = 19*g - 201. Calculate h(11).
8
Let g(p) = -2*p**3 + 53*p**2 - 26*p + 23. Determine g(26).
23
Let z(i) = -7*i. Calculate z(4).
-28
Let c(f) = -2*f - 4. Calculate c(10).
-24
Let t(w) = -w**3 - 2*w**2 + 10*w - 14. Determine t(-5).
11
Let w(f) = -f**3 + 13*f**2 + 14*f + 1. Calculate w(14).
1
Let z(k) = -k**3 + 3*k + 57. Determine z(0).
57
Let z(v) = -v**2 - v + 29. Determine z(0).
29
Let u(c) = c**3 + 2*c**2 - 6*c - 4. What is u(-3)?
5
Let p(d) = -5*d**2 - 9*d + 17. Determine p(-4).
-27
Let n(f) = -f**3 + 4*f**2 + 5*f - 7. Determine n(5).
-7
Let k(h) = 8*h + 132. What is k(-16)?
4
Let k(p) = 2*p**3 - p**2. Calculate k(1).
1
Let r(k) = 5*k + 2. Calculate r(-6).
-28
Let r(a) = a - 3. Determine r(9).
6
Let l(j) = j**2 + 17*j + 29. Calculate l(-15).
-1
Let u(f) = f**2 + f + 1. What is u(0)?
1
Let h(u) = -u**2 - 11*u - 19. What is h(-14)?
-61
Let u(c) = c**3 + 10*c**2 - 10*c + 18. What is u(-11)?
7
Let y(u) = 49*u + 103. Determine y(-2).
5
Let q(a) = 5*a**2 - 7*a - 9. What is q(4)?
43
Let q(a) = -2*a**3 + 31*a**2 + 16*a + 18. Give q(16).
18
Let p(w) = w**3 - 11*w**2 + 18*w + 19. What is p(9)?
19
Let k(f) = 5*f + 18. Calculate k(1).
23
Let y(w) = 33*w + 102. Give y(-3).
3
Let q(x) = x**3 + 8*x**2 + 12*x + 6. What is q(-6)?
6
Let s(v) = v - 9. Determine s(10).
1
Let b(g) = -2*g**2 + 12*g + 135. Determine b(12).
-9
Let d(m) = -5*m**2 + 2*m - 4. Calculate d(2).
-20
Let a(q) = -q**2 + 12*q - 20. Calculate a(13).
-33
Let b(s) = 2*s + 2. Give b(12).
26
Let l(v) = -v**3 + 9*v**2 + 2*v - 8. Calculate l(9).
10
Let d(n) = n**3 - 9*n + 3. Determine d(0).
3
Let s(y) = -y**3 - 17*y